{"id":3241,"date":"2017-08-01T14:12:20","date_gmt":"2017-08-01T14:12:20","guid":{"rendered":"http:\/\/morsel.edge-themes.com\/?page_id=3241"},"modified":"2024-10-10T15:16:12","modified_gmt":"2024-10-10T13:16:12","slug":"kontakt","status":"publish","type":"page","link":"https:\/\/maelu.de\/?page_id=3241","title":{"rendered":"Kontakt"},"content":{"rendered":"<p>[vc_row row_content_width=&#8220;grid&#8220; css=&#8220;.vc_custom_1501663983532{padding-top: 80px !important;padding-bottom: 120px !important;}&#8220;][vc_column css=&#8220;.vc_custom_1501671360059{padding-right: 15% !important;}&#8220; offset=&#8220;vc_col-lg-6 vc_col-md-6 vc_col-xs-12&#8243;]<div class=\"edgt-elements-holder   edgt-one-column  edgt-responsive-mode-768 \" ><div class=\"edgt-eh-item    \"  data-item-class=\"edgt-eh-custom-3527\"  >\n\t<div class=\"edgt-eh-item-inner\">\n\t\t<div class=\"edgt-eh-item-content edgt-eh-custom-3527\" style=\"padding: 0 6% 0 0\">\n\t\t\t<div class=\"edgt-section-title-holder  edgt-st-standard edgt-st-title-left edgt-st-normal-space \" >\n\t<div class=\"edgt-st-inner\">\n\t\t\t\t\t<h6 class=\"edgt-st-subtitle \">\n\t\t\t\tWo findet ihr uns?\t\t\t<\/h6>\n\t\t\t\t\t\t\t<h3 class=\"edgt-st-title\" style=\"color: #3d3d3d\">\n\t\t\t\tMaelu Cafe\t\t\t<\/h3>\n\t\t\t\t\t\t\t<p class=\"edgt-st-text\" style=\"color: #989898;font-size: 19px;margin-top: 5px\">\n\t\t\t\tUnser Caf\u00e9 findet ihr direkt in Herzen M\u00fcnchens in der Theatinerstr. 32, gegen\u00fcber der ``F\u00fcnf H\u00f6fe``. Zum sehr guten Kaffee bekommen Sie hochwertige T\u00f6rtchen, Macarons, Pralinen und viele weitere K\u00f6stlichkeiten, die liebevoll von Hand t\u00e4glich gefertigt werden.\t\t\t<\/p>\n\t\t\t<\/div>\n<\/div>[vc_empty_space height=&#8220;40px&#8220;]\t\t<\/div>\n\t<\/div>\n<\/div><\/div>[\/vc_column][vc_column css=&#8220;.vc_custom_1501671812263{padding-top: 2.8% !important;}&#8220; offset=&#8220;vc_col-lg-6 vc_col-md-6 vc_col-xs-12&#8243;]<div class=\"edgt-elements-holder   edgt-one-column  edgt-responsive-mode-768 \" ><div class=\"edgt-eh-item    \"  data-item-class=\"edgt-eh-custom-6527\"  data-680=\"0%\">\n\t<div class=\"edgt-eh-item-inner\">\n\t\t<div class=\"edgt-eh-item-content edgt-eh-custom-6527\" >\n\t\t\t<div class=\"edgt-section-title-holder  edgt-st-standard edgt-st-title-left edgt-st-normal-space \" >\n\t<div class=\"edgt-st-inner\">\n\t\t\t\t\t\t\t<h4 class=\"edgt-st-title\" style=\"color: #8d735f\">\n\t\t\t\tCAF\u00c8 MAELU\t\t\t<\/h4>\n\t\t\t\t\t\t\t<p class=\"edgt-st-text\" style=\"color: #989898\">\n\t\t\t\tTheatinerstra\u00dfe 32,<br \/>\n80333 M\u00fcnchen\t\t\t<\/p>\n\t\t\t<\/div>\n<\/div>[vc_column_text]<span style=\"color: #989898;\">Email:<a href=\"mailto:info@maelu.de\"> info@maelu.de <\/a><\/span><br \/>\n<strong><span style=\"color: #989898;\">Keine Tischreservierung m\u00f6glich.<\/span><\/strong><br \/>\n<strong><span style=\"color: #989898;\">Bestellungen ausschlie\u00dflich vor Ort.<\/span><\/strong>[\/vc_column_text]\t\t<\/div>\n\t<\/div>\n<\/div><\/div>[\/vc_column][\/vc_row][vc_row][vc_column]<div class=\"edgt-google-map-holder\">\n\t<div class=\"edgt-google-map\" id=\"edgt-map-2429824\" data-addresses='[\"Theatinerstra\u00dfe 32, 80333 M\u00fcnchen\"]' data-custom-map-style=yes data-color-overlay=#393939 data-saturation=-93 data-lightness=20 data-zoom=15 data-pin=https:\/\/maelu.de\/wp-content\/uploads\/2017\/07\/pin.png data-unique-id=2429824 data-scroll-wheel=no data-height=530px ><\/div>\n\t\t\t<div class=\"edgt-google-map-overlay\"><\/div>\n\t<\/div>\n[\/vc_column][\/vc_row]<\/p>\n","protected":false},"excerpt":{"rendered":"<p>[vc_row row_content_width=&#8220;grid&#8220; css=&#8220;.vc_custom_1501663983532{padding-top: 80px !important;padding-bottom: 120px !important;}&#8220;][vc_column css=&#8220;.vc_custom_1501671360059{padding-right: 15% !important;}&#8220; offset=&#8220;vc_col-lg-6 vc_col-md-6 vc_col-xs-12&#8243;][\/vc_column][vc_column css=&#8220;.vc_custom_1501671812263{padding-top: 2.8% !important;}&#8220; offset=&#8220;vc_col-lg-6 vc_col-md-6 vc_col-xs-12&#8243;][\/vc_column][\/vc_row][vc_row][vc_column][\/vc_column][\/vc_row]<\/p>\n","protected":false},"author":1,"featured_media":0,"parent":0,"menu_order":0,"comment_status":"closed","ping_status":"closed","template":"full-width.php","meta":{"footnotes":""},"class_list":["post-3241","page","type-page","status-publish","hentry"],"_links":{"self":[{"href":"https:\/\/maelu.de\/index.php?rest_route=\/wp\/v2\/pages\/3241","targetHints":{"allow":["GET"]}}],"collection":[{"href":"https:\/\/maelu.de\/index.php?rest_route=\/wp\/v2\/pages"}],"about":[{"href":"https:\/\/maelu.de\/index.php?rest_route=\/wp\/v2\/types\/page"}],"author":[{"embeddable":true,"href":"https:\/\/maelu.de\/index.php?rest_route=\/wp\/v2\/users\/1"}],"replies":[{"embeddable":true,"href":"https:\/\/maelu.de\/index.php?rest_route=%2Fwp%2Fv2%2Fcomments&post=3241"}],"version-history":[{"count":19,"href":"https:\/\/maelu.de\/index.php?rest_route=\/wp\/v2\/pages\/3241\/revisions"}],"predecessor-version":[{"id":6372,"href":"https:\/\/maelu.de\/index.php?rest_route=\/wp\/v2\/pages\/3241\/revisions\/6372"}],"wp:attachment":[{"href":"https:\/\/maelu.de\/index.php?rest_route=%2Fwp%2Fv2%2Fmedia&parent=3241"}],"curies":[{"name":"wp","href":"https:\/\/api.w.org\/{rel}","templated":true}]}}